{"id":11,"date":"2023-05-04T06:25:04","date_gmt":"2023-05-04T06:25:04","guid":{"rendered":"https:\/\/daikinshop.mk\/al\/?page_id=11"},"modified":"2023-06-30T20:38:47","modified_gmt":"2023-06-30T20:38:47","slug":"rreth-nesh","status":"publish","type":"page","link":"https:\/\/daikinshop.mk\/al\/rreth-nesh\/","title":{"rendered":"Rreth nesh"},"content":{"rendered":"<p>[et_pb_section fb_built=&#8221;1&#8243; _builder_version=&#8221;4.21.0&#8243; _module_preset=&#8221;default&#8221; custom_padding=&#8221;1px|||||&#8221; da_disable_devices=&#8221;off|off|off&#8221; locked=&#8221;off&#8221; global_colors_info=&#8221;{}&#8221; da_is_popup=&#8221;off&#8221; da_exit_intent=&#8221;off&#8221; da_has_close=&#8221;on&#8221; da_alt_close=&#8221;off&#8221; da_dark_close=&#8221;off&#8221; da_not_modal=&#8221;on&#8221; da_is_singular=&#8221;off&#8221; da_with_loader=&#8221;off&#8221; da_has_shadow=&#8221;on&#8221;][et_pb_row _builder_version=&#8221;4.21.0&#8243; _module_preset=&#8221;default&#8221; width=&#8221;100%&#8221; max_width=&#8221;2560px&#8221; custom_padding=&#8221;0px||0px||false|false&#8221; locked=&#8221;off&#8221; global_colors_info=&#8221;{}&#8221;][et_pb_column type=&#8221;4_4&#8243; _builder_version=&#8221;4.21.0&#8243; _module_preset=&#8221;default&#8221; global_colors_info=&#8221;{}&#8221;][et_pb_image src=&#8221;https:\/\/daikinshop.mk\/al\/wp-content\/uploads\/2023\/06\/banner-air-purifiers.png&#8221; title_text=&#8221;banner air purifiers&#8221; _builder_version=&#8221;4.21.0&#8243; _module_preset=&#8221;default&#8221; global_colors_info=&#8221;{}&#8221;][\/et_pb_image][\/et_pb_column][\/et_pb_row][et_pb_row _builder_version=&#8221;4.21.0&#8243; _module_preset=&#8221;default&#8221; global_colors_info=&#8221;{}&#8221;][et_pb_column type=&#8221;4_4&#8243; _builder_version=&#8221;4.21.0&#8243; _module_preset=&#8221;default&#8221; global_colors_info=&#8221;{}&#8221;][et_pb_text _builder_version=&#8221;4.21.0&#8243; _module_preset=&#8221;default&#8221; header_2_text_align=&#8221;center&#8221; header_2_text_color=&#8221;#0C71C3&#8243; header_2_font_size=&#8221;42px&#8221; custom_padding=&#8221;41px|||||&#8221; hover_enabled=&#8221;0&#8243; locked=&#8221;off&#8221; global_colors_info=&#8221;{}&#8221; sticky_enabled=&#8221;0&#8243;]<\/p>\n<h2>Almakos dooel<\/h2>\n<p>[\/et_pb_text][\/et_pb_column][\/et_pb_row][et_pb_row _builder_version=&#8221;4.21.0&#8243; _module_preset=&#8221;default&#8221; global_colors_info=&#8221;{}&#8221;][et_pb_column type=&#8221;4_4&#8243; _builder_version=&#8221;4.21.0&#8243; _module_preset=&#8221;default&#8221; global_colors_info=&#8221;{}&#8221;][et_pb_text _builder_version=&#8221;4.21.0&#8243; _module_preset=&#8221;default&#8221; header_2_font=&#8221;myriad regular|500|||||||&#8221; header_3_text_color=&#8221;#00a0e4&#8243; header_4_text_color=&#8221;#00a0e4&#8243; hover_enabled=&#8221;0&#8243; global_colors_info=&#8221;{}&#8221; sticky_enabled=&#8221;0&#8243;]<\/p>\n<h2>Kompania Almakos Klima u themelua m\u00eb 12.02.2012 n\u00eb Gostivar si p\u00ebrfaq\u00ebsues zyrtar dhe agjent shitjesh p\u00ebr DAIKIN AIRCONDITIONING CENTRAL EUROPE p\u00ebr territoret e Shqip\u00ebris\u00eb, Maqedonis\u00eb Veriore dhe Kosov\u00ebs.<\/h2>\n<p>&nbsp;<\/p>\n<h4>Aktiviteti<\/h4>\n<p>Aktiviteti kryesor i kompanis\u00eb \u00ebsht\u00eb t\u00eb ofroj\u00eb mb\u00ebshtetje teknike, logjistike, shitje dhe marketing p\u00ebr partner\u00ebt e autorizuar DAIKIN n\u00eb tregjet ku operon.<\/p>\n<p>Kompania Almakos Klima \u00ebsht\u00eb p\u00ebrgjegj\u00ebse t\u00eb ofroj\u00eb edukimi t\u00eb vazhduesh\u00ebm p\u00ebr partner\u00ebt, projektuesit dhe t\u00eb gjith\u00eb t\u00eb tjer\u00ebt q\u00eb vijn\u00eb n\u00eb kontakt me produktet DAIKIN.<\/p>\n<h3>Vizioni dhe misioni<\/h3>\n<p>Vizioni i Almakos Klima \u00ebsht\u00eb v\u00ebnia n\u00eb pozit\u00eb udh\u00ebheq\u00ebse mark\u00ebn DAIKIN n\u00eb tregjet e Shqip\u00ebris\u00eb, Maqedonis\u00eb dhe Kosov\u00ebs. T\u00eb udh\u00ebhequr nga nj\u00eb q\u00ebllim, se cil\u00ebsia duhet t\u00eb jet\u00eb n\u00eb dispozicion p\u00ebr t\u00eb gjith\u00eb, ne punojm\u00eb p\u00ebr t\u00eb plot\u00ebsuar nevojat e \u00e7do konsumatori, pavar\u00ebsisht n\u00ebse \u00ebsht\u00eb nga segmenti rezidencial, komercial ose industrial. Ne nuk ofrojm\u00eb produkt, ne japim zgjidhje.<\/p>\n<p>Misioni i Almakos Klima \u00ebsht\u00eb q\u00eb t\u00eb vendos\u00eb DAIKIN n\u00eb treg si nj\u00eb simbol i cil\u00ebsis\u00eb, besueshm\u00ebris\u00eb dhe jet\u00ebgjat\u00ebsis\u00eb, e cila n\u00eb saj\u00eb t\u00eb teknologjive t\u00eb larta, u jep p\u00ebrdoruesve komoditet optimal sa i p\u00ebrket kontrollit t\u00eb klim\u00ebs s\u00eb brendshme. P\u00ebrve\u00e7 k\u00ebsaj, ne punojm\u00eb q\u00eb t\u00eb rrisim vet\u00ebdijen p\u00ebr shfryt\u00ebzimin e burimeve t\u00eb rinovueshme, dhe n\u00eb k\u00ebt\u00eb m\u00ebnyr\u00eb efikasitetin e energjis\u00eb, duke marr\u00eb parasysh mbrojtjen e mjedisit.<\/p>\n<div class=\"col-12 col-lg-10 offset-lg-1\">\n<div class=\"title heading1\">\n<div id=\"title-e262dfca12\" class=\"cmp-title\">\n<h2 class=\"cmp-title__text\">Misioni yn\u00eb<\/h2>\n<\/div>\n<\/div>\n<\/div>\n<div class=\"col-12 col-md-10 offset-md-1 col-lg-8 offset-lg-2\">\n<div class=\"text js-text\">\n<div id=\"text-ce2e11cfdc\" class=\"cmp-text\">\n<p>Ne jemi t\u00eb angazhuar t\u00eb ofrojm\u00eb produkte me cil\u00ebsi t\u00eb lart\u00eb dhe zgjidhje totale p\u00ebr klim\u00ebn p\u00ebr t\u00eb krijuar mjedise t\u00eb brendshme komode dhe ekologjike p\u00ebr t\u00eb gjith\u00eb njer\u00ebzit dhe rajonet e bot\u00ebs.<\/p>\n<\/div>\n<\/div>\n<\/div>\n<p>[\/et_pb_text][\/et_pb_column][\/et_pb_row][\/et_pb_section]<\/p>\n","protected":false},"excerpt":{"rendered":"<p>Almakos dooelKompania Almakos Klima u themelua m\u00eb 12.02.2012 n\u00eb Gostivar si p\u00ebrfaq\u00ebsues zyrtar dhe agjent shitjesh p\u00ebr DAIKIN AIRCONDITIONING CENTRAL EUROPE p\u00ebr territoret e Shqip\u00ebris\u00eb, Maqedonis\u00eb Veriore dhe Kosov\u00ebs. &nbsp; Aktiviteti Aktiviteti kryesor i kompanis\u00eb \u00ebsht\u00eb t\u00eb ofroj\u00eb mb\u00ebshtetje teknike, logjistike, shitje dhe marketing p\u00ebr partner\u00ebt e autorizuar DAIKIN n\u00eb tregjet ku operon. Kompania Almakos [&hellip;]<\/p>\n","protected":false},"author":1,"featured_media":0,"parent":0,"menu_order":0,"comment_status":"closed","ping_status":"closed","template":"","meta":{"_et_pb_use_builder":"on","_et_pb_old_content":"<!-- wp:divi\/placeholder \/-->","_et_gb_content_width":"","inline_featured_image":false,"footnotes":""},"class_list":["post-11","page","type-page","status-publish","hentry"],"jetpack_sharing_enabled":true,"_links":{"self":[{"href":"https:\/\/daikinshop.mk\/al\/wp-json\/wp\/v2\/pages\/11","targetHints":{"allow":["GET"]}}],"collection":[{"href":"https:\/\/daikinshop.mk\/al\/wp-json\/wp\/v2\/pages"}],"about":[{"href":"https:\/\/daikinshop.mk\/al\/wp-json\/wp\/v2\/types\/page"}],"author":[{"embeddable":true,"href":"https:\/\/daikinshop.mk\/al\/wp-json\/wp\/v2\/users\/1"}],"replies":[{"embeddable":true,"href":"https:\/\/daikinshop.mk\/al\/wp-json\/wp\/v2\/comments?post=11"}],"version-history":[{"count":11,"href":"https:\/\/daikinshop.mk\/al\/wp-json\/wp\/v2\/pages\/11\/revisions"}],"predecessor-version":[{"id":278855,"href":"https:\/\/daikinshop.mk\/al\/wp-json\/wp\/v2\/pages\/11\/revisions\/278855"}],"wp:attachment":[{"href":"https:\/\/daikinshop.mk\/al\/wp-json\/wp\/v2\/media?parent=11"}],"curies":[{"name":"wp","href":"https:\/\/api.w.org\/{rel}","templated":true}]}}

<p>[et_pb_section fb_built=&#8221;1&#8243; _builder_version=&#8221;4.21.0&#8243; _module_preset=&#8221;default&#8221; custom_padding=&#8221;1px|||||&#8221; da_disable_devices=&#8221;off|off|off&#8221; locked=&#8221;off&#8221; global_colors_info=&#8221;{}&#8221; da_is_popup=&#8221;off&#8221; da_exit_intent=&#8221;off&#8221; da_has_close=&#8221;on&#8221; da_alt_close=&#8221;off&#8221; da_dark_close=&#8221;off&#8221; da_not_modal=&#8221;on&#8221; da_is_singular=&#8221;off&#8221; da_with_loader=&#8221;off&#8221; da_has_shadow=&#8221;on&#8221;][et_pb_row _builder_version=&#8221;4.21.0&#8243; _module_preset=&#8221;default&#8221; width=&#8221;100%&#8221; max_width=&#8221;2560px&#8221; custom_padding=&#8221;0px||0px||false|false&#8221; locked=&#8221;off&#8221; global_colors_info=&#8221;{}&#8221;][et_pb_column type=&#8221;4_4&#8243; _builder_version=&#8221;4.21.0&#8243; _module_preset=&#8221;default&#8221; global_colors_info=&#8221;{}&#8221;][et_pb_image src=&#8221;https://daikinshop.mk/al/wp-content/uploads/2023/06/banner-air-purifiers.png&#8221; title_text=&#8221;banner air purifiers&#8221; _builder_version=&#8221;4.21.0&#8243; _module_preset=&#8221;default&#8221; global_colors_info=&#8221;{}&#8221;][/et_pb_image][/et_pb_column][/et_pb_row][et_pb_row _builder_version=&#8221;4.21.0&#8243; _module_preset=&#8221;default&#8221; global_colors_info=&#8221;{}&#8221;][et_pb_column type=&#8221;4_4&#8243; _builder_version=&#8221;4.21.0&#8243; _module_preset=&#8221;default&#8221; global_colors_info=&#8221;{}&#8221;][et_pb_text _builder_version=&#8221;4.21.0&#8243; _module_preset=&#8221;default&#8221; header_2_text_align=&#8221;center&#8221; header_2_text_color=&#8221;#0C71C3&#8243; header_2_font_size=&#8221;42px&#8221; custom_padding=&#8221;41px|||||&#8221; hover_enabled=&#8221;0&#8243; locked=&#8221;off&#8221; global_colors_info=&#8221;{}&#8221; sticky_enabled=&#8221;0&#8243;]</p>
<h2>Almakos dooel</h2>
<p>[/et_pb_text][/et_pb_column][/et_pb_row][et_pb_row _builder_version=&#8221;4.21.0&#8243; _module_preset=&#8221;default&#8221; global_colors_info=&#8221;{}&#8221;][et_pb_column type=&#8221;4_4&#8243; _builder_version=&#8221;4.21.0&#8243; _module_preset=&#8221;default&#8221; global_colors_info=&#8221;{}&#8221;][et_pb_text _builder_version=&#8221;4.21.0&#8243; _module_preset=&#8221;default&#8221; header_2_font=&#8221;myriad regular|500|||||||&#8221; header_3_text_color=&#8221;#00a0e4&#8243; header_4_text_color=&#8221;#00a0e4&#8243; hover_enabled=&#8221;0&#8243; global_colors_info=&#8221;{}&#8221; sticky_enabled=&#8221;0&#8243;]</p>
<h2>Kompania Almakos Klima u themelua më 12.02.2012 në Gostivar si përfaqësues zyrtar dhe agjent shitjesh për DAIKIN AIRCONDITIONING CENTRAL EUROPE për territoret e Shqipërisë, Maqedonisë Veriore dhe Kosovës.</h2>
<p>&nbsp;</p>
<h4>Aktiviteti</h4>
<p>Aktiviteti kryesor i kompanisë është të ofrojë mbështetje teknike, logjistike, shitje dhe marketing për partnerët e autorizuar DAIKIN në tregjet ku operon.</p>
<p>Kompania Almakos Klima është përgjegjëse të ofrojë edukimi të vazhdueshëm për partnerët, projektuesit dhe të gjithë të tjerët që vijnë në kontakt me produktet DAIKIN.</p>
<h3>Vizioni dhe misioni</h3>
<p>Vizioni i Almakos Klima është vënia në pozitë udhëheqëse markën DAIKIN në tregjet e Shqipërisë, Maqedonisë dhe Kosovës. Të udhëhequr nga një qëllim, se cilësia duhet të jetë në dispozicion për të gjithë, ne punojmë për të plotësuar nevojat e çdo konsumatori, pavarësisht nëse është nga segmenti rezidencial, komercial ose industrial. Ne nuk ofrojmë produkt, ne japim zgjidhje.</p>
<p>Misioni i Almakos Klima është që të vendosë DAIKIN në treg si një simbol i cilësisë, besueshmërisë dhe jetëgjatësisë, e cila në sajë të teknologjive të larta, u jep përdoruesve komoditet optimal sa i përket kontrollit të klimës së brendshme. Përveç kësaj, ne punojmë që të rrisim vetëdijen për shfrytëzimin e burimeve të rinovueshme, dhe në këtë mënyrë efikasitetin e energjisë, duke marrë parasysh mbrojtjen e mjedisit.</p>
<div class="col-12 col-lg-10 offset-lg-1">
<div class="title heading1">
<div id="title-e262dfca12" class="cmp-title">
<h2 class="cmp-title__text">Misioni ynë</h2>
</div>
</div>
</div>
<div class="col-12 col-md-10 offset-md-1 col-lg-8 offset-lg-2">
<div class="text js-text">
<div id="text-ce2e11cfdc" class="cmp-text">
<p>Ne jemi të angazhuar të ofrojmë produkte me cilësi të lartë dhe zgjidhje totale për klimën për të krijuar mjedise të brendshme komode dhe ekologjike për të gjithë njerëzit dhe rajonet e botës.</p>
</div>
</div>
</div>
<p>[/et_pb_text][/et_pb_column][/et_pb_row][/et_pb_section]</p>

<p>Almakos dooelKompania Almakos Klima u themelua më 12.02.2012 në Gostivar si përfaqësues zyrtar dhe agjent shitjesh për DAIKIN AIRCONDITIONING CENTRAL EUROPE për territoret e Shqipërisë, Maqedonisë Veriore dhe Kosovës. &nbsp; Aktiviteti Aktiviteti kryesor i kompanisë është të ofrojë mbështetje teknike, logjistike, shitje dhe marketing për partnerët e autorizuar DAIKIN në tregjet ku operon. Kompania Almakos [&hellip;]</p>
